the prime factors of 33501628?
2, 17, 492671
List the prime factors of 987555296.
2, 7, 13, 17, 19949
What are the prime factors of 69104565?
3, 5, 263, 5839
What are the prime factors of 333735143?
7, 17, 2804497
List the prime factors of 40448454.
2, 3, 19, 269, 1319
What are the prime factors of 44254629?
3, 19, 53, 257
List the prime factors of 57413563.
57413563
List the prime factors of 1511612655.
3, 5, 7, 14396311
What are the prime factors of 46080178?
2, 23, 1001743
What are the prime factors of 18766300?
2, 5, 7, 17, 19, 83
What are the prime factors of 88695397?
7, 12670771
What are the prime factors of 19629735?
3, 5, 1308649
List the prime factors of 162443830.
2, 5, 16244383
List the prime factors of 2072545343.
11, 37, 479, 10631
What are the prime factors of 672437204?
2, 641, 262261
What are the prime factors of 64369690?
2, 5, 7, 11, 83597
What are the prime factors of 111367803?
3, 37122601
What are the prime factors of 1158717881?
29, 39955789
List the prime factors of 178814850.
2, 3, 5, 1192099
List the prime factors of 564243018.
2, 3, 1579, 59557
What are the prime factors of 36158501?
19, 911, 2089
List the prime factors of 94405443.
3, 11, 2860771
List the prime factors of 93237188.
2, 11, 37, 57271
What are the prime factors of 1769594932?
2, 7, 41, 47, 32797
What are the prime factors of 5515987351?
7, 23, 47, 728953
List the prime factors of 274243261.
47, 67, 73, 1193
List the prime factors of 13818269.
61, 359, 631
List the prime factors of 111237484.
2, 701, 39671
List the prime factors of 7023047.
1931, 3637
What are the prime factors of 60187298?
2, 30093649
List the prime factors of 73239494.
2, 36619747
What are the prime factors of 27756007?
4201, 6607
What are the prime factors of 333637941?
3, 7, 13, 94009
List the prime factors of 1041290866.
2, 7, 11, 151, 6397
List the prime factors of 8307625.
5, 41, 1621
List the prime factors of 2623993857.
3, 15427, 18899
List the prime factors of 35595943.
17, 239, 8761
What are the prime factors of 2511054526?
2, 101, 12430963
List the prime factors of 161567816.
2, 29, 696413
List the prime factors of 49379246.
2, 7, 3527089
List the prime factors of 1028742.
2, 3, 11, 13, 109
List the prime factors of 5473788666.
2, 3, 912298111
List the prime factors of 123762108.
2, 3, 17, 41, 14797
List the prime factors of 65021199.
3, 227, 95479
What are the prime factors of 12577147?
11, 181, 6317
What are the prime factors of 82395144?
2, 3, 13, 9781
What are the prime factors of 2472941060?
2, 5, 123647053
What are the prime factors of 1315919518?
2, 19, 41, 844621
What are the prime factors of 60162069?
3, 11, 1823093
List the prime factors of 112463050.
2, 5, 7, 321323
List the prime factors of 3254093311.
7, 19, 53, 461639
List the prime factors of 623226913.
6473, 96281
List the prime factors of 292323425.
5, 11692937
List the prime factors of 45240455.
5, 13, 37, 1447
What are the prime factors of 4867927612?
2, 61, 67, 191, 1559
List the prime factors of 562648049.
887, 634327
List the prime factors of 3494743830.
2, 3, 5, 109, 356243
What are the prime factors of 49296777?
3, 16432259
What are the prime factors of 147743814?
2, 3, 137, 179737
What are the prime factors of 53374171?
53374171
List the prime factors of 165641994.
2, 3, 7, 89, 14771
List the prime factors of 230709171.
3, 7, 11, 37, 26993
List the prime factors of 92019897.
3, 10224433
What are the prime factors of 1318950554?
2, 659475277
List the prime factors of 224711206.
2, 43, 2612921
What are the prime factors of 443346898?
2, 221673449
List the prime factors of 599219574.
2, 3, 281, 293, 1213
List the prime factors of 4046473401.
3, 1571, 858577
What are the prime factors of 232866798?
2, 3, 41, 821, 1153
What are the prime factors of 875866208?
2, 7, 137, 28541
What are the prime factors of 305132014?
2, 11, 17, 71, 11491
What are the prime factors of 10405540?
2, 5, 19, 139, 197
What are the prime factors of 710659682?
2, 355329841
What are the prime factors of 397926740?
2, 5, 769, 25873
What are the prime factors of 487280459?
101, 4824559
List the prime factors of 396327151.
11, 241, 13591
List the prime factors of 107908426.
2, 97, 556229
What are the prime factors of 22260307?
109, 443, 461
List the prime factors of 289290611.
289290611
What are the prime factors of 44159723?
44159723
What are the prime factors of 1394608276?
2, 41, 271, 31379
What are the prime factors of 47680951?
619, 77029
What are the prime factors of 12566505?
3, 5, 7, 19, 6299
List the prime factors of 286562321.
286562321
List the prime factors of 326186495.
5, 31, 613, 3433
List the prime factors of 64025742.
2, 3, 11, 970087
What are the prime factors of 603026706?
2, 3, 83, 1210897
List the prime factors of 1425624033.
3, 475208011
What are the prime factors of 112558349?
112558349
What are the prime factors of 764505535?
5, 379, 403433
What are the prime factors of 190093198?
2, 37, 2568827
What are the prime factors of 727283007?
3, 11, 19, 386647
What are the prime factors of 156410825?
5, 89, 70297
What are the prime factors of 256116539?
7, 2467, 14831
List the prime factors of 118688161.
1423, 83407
List the prime factors of 30773279.
59, 521581
What are the prime factors of 25540848?
2, 3, 193, 919
What are the prime factors of 10704220?
2, 5, 17, 19, 1657
List the prime factors of 3102152376.
2, 3, 137, 943477
List the prime factors of 184564468.
2, 11, 29, 109, 1327
List the prime factors of 2517031104.
2, 3, 7, 29, 64579
List the prime factors of 2803314389.
47, 1097, 54371
List the prime factors of 2754695102.
2, 1377347551
What are the prime factors of 237801439?
23, 10339193
List the prime factors of 1982092623.
3, 7, 8527, 11069
What are the prime factors of 1111287852?
2, 3, 373, 82759
What are the prime factors of 16993663?
467, 36389
List the prime factors of 8652790.
2, 5, 19, 45541
List the prime factors of 708444920.
2, 5, 37, 478679
What are the prime factors of 58326224?
2, 11, 331399
List the prime factors of 384890705.
5, 76978141
List the prime factors of 63381119.
607, 104417
List the prime factors of 2083487471.
13, 43, 3727169
What are the prime factors of 1331974212?
2, 3, 3623, 30637
What are the prime factors of 1248452274?
2, 3, 31, 97, 69197
What are the prime factors of 143543895?
3, 5, 11, 71, 12253
List the prime factors of 148463108.
2, 17, 2183281
List the prime factors of 192645485.
5, 3089, 12473
List the prime factors of 68439272.
2, 11, 167, 4657
List the prime factors of 150598100.
2, 5, 71, 21211
What are the prime factors of 586454736?
2, 3, 7, 23, 37, 293
List the prime factors of 702302114.
2, 937, 374761
List the prime factors of 2787140029.
367, 433, 17539
What are the prime factors of 1040204147?
61, 137, 124471
List the prime factors of 17432426.
2, 11, 792383
List the prime factors of 1564033.
113, 13841
What are the prime factors of 4152331?
61, 68071
What are the prime factors of 84660367?
11, 29, 41, 6473
List the prime factors of 32614748.
2, 61, 349, 383
What are the prime factors of 439766982?
2, 3, 17, 159683
What are the prime factors of 1035486081?
3, 7, 71, 33071
List the prime factors of 6260292.
2, 3, 173897
List the prime factors of 2214717896.
2, 276839737
What are the prime factors of 741160816?
2, 11, 19, 20149
List the prime factors of 114371935.
5, 1123, 20369
What are the prime factors of 45626426?
2, 22813213
What are the prime factors of 6949806332?
2, 7, 248207369
List the prime factors of 157359521.
11, 14305411
List the prime factors of 1369270153.
41, 33396833
What are the prime factors of 1535188216?
2, 191898527
List the prime factors of 6535518291.
3, 3119, 8623
What are the prime factors of 315734323?
79, 1433, 2789
What are the prime factors of 62388741?
3, 20796247
List the prime factors of 83597460.
2, 3, 5, 353, 3947
What are the prime factors of 148532344?
2, 23, 807241
List the prime factors of 74361851.
1493, 49807
What are the prime factors of 1034743491?
3, 12774611
What are the prime factors of 1065526070?
2, 5, 7, 241, 1289
What are the prime factors of 286195177?
53, 149, 36241
List the prime factors of 61863102.
2, 3, 7, 17, 3209
List the prime factors of 66971736.
2, 3, 13, 71551
List the prime factors of 125